{"id":12619,"date":"2023-02-13T19:01:20","date_gmt":"2023-02-13T19:01:20","guid":{"rendered":"https:\/\/zsme.poznan.pl\/?page_id=12619"},"modified":"2026-04-01T11:36:54","modified_gmt":"2026-04-01T11:36:54","slug":"oddzial-przygotowania-wojskowego-2","status":"publish","type":"page","link":"https:\/\/zsme.poznan.pl\/?page_id=12619","title":{"rendered":"Oddzia\u0142 Przygotowania Wojskowego"},"content":{"rendered":"<div><strong>TERMINY TEST\u00d3W SPRAWNO\u015aCIOWYCH:<\/strong><\/div>\n<div><\/div>\n<div>I termin: 9 CZERWCA: GODZ. 9.00<\/p>\n<div>II termin: 25 CZERWCA: GODZ.10.00,<\/div>\n<div><\/div>\n<div>w rekrutacji uzupe\u0142niaj\u0105cej: 23 LIPCA, GODZ.10.00<\/div>\n<\/div>\n<div><\/div>\n<p><strong>Przedmioty rozszerzone<\/strong>: j\u0119zyk angielski, wiedza o spo\u0142ecze\u0144stwie, geografia<\/p>\n<p><strong>Przedmioty punktowane<\/strong>: j\u0119zyk polski, matematyka, j\u0119zyk obcy, wiedza o spo\u0142ecze\u0144stwie<\/p>\n<p><strong>J\u0119zyki<\/strong>: j\u0119zyk angielski \u2013 kontynuacja, j\u0119zyk niemiecki<\/p>\n<p><strong>Warunkiem przyj\u0119cia do oddzia\u0142u jest zdanie testu sprawno\u015bci fizycznej.<\/strong><\/p>\n<p><strong>Patrona nad klas\u0105 sprawuje 12 Wielkopolska Brygada Obrony Terytorialnej.<\/strong><\/p>\n<p>Odzia\u0142 Przygotowania Wojskowego to propozycja dla os\u00f3b \u0142\u0105cz\u0105cych swoj\u0105 przysz\u0142o\u015b\u0107 z prac\u0105 w s\u0142u\u017cbach mundurowych. W ramach nauki w oddziale realizowany jest program szkolenia z zakresu przygotowania wojskowego zgodnie z programem Ministerstwa Obrony Narodowej. Szkolenie z zakresu przygotowania wojskowego odbywa si\u0119 w formie zaj\u0119\u0107 teoretycznych<br \/>\ni praktycznych. Opiek\u0119 patronack\u0105 nad klas\u0105 sprawuje 12 Wielkopolska Brygada Obrony Terytorialnej. W ramach nauki w klasie realizowane jest kszta\u0142cenie og\u00f3lne\u00a0 oraz program szkolenia z zakresu przygotowania wojskowego. Edukacja w oddziale pozwala jego uczniom na realizacj\u0119 systemu szkole\u0144 zbli\u017conych do doskonalenia odbywanego przez \u017co\u0142nierzy w ramach s\u0142u\u017cby przygotowawczej i zapewnia Im: wysok\u0105 sprawno\u015b\u0107 fizyczn\u0105, umiej\u0119tno\u015b\u0107 orientacji i poruszania si\u0119 w terenie, zdolno\u015b\u0107 wsp\u00f3\u0142dzia\u0142ania w grupie, umiej\u0119tno\u015b\u0107 pos\u0142ugiwania si\u0119 r\u00f3\u017cnymi typami broni (zaj\u0119cia ze strzelectwa odbywaj\u0105 si\u0119 na strzelnicy szkolnej), zdolno\u015b\u0107 pokonywania przeszk\u00f3d. W trakcie nauki kadeci pozyskuj\u0105 wiedz\u0119 niezb\u0119dn\u0105 do przysz\u0142ej pracy w s\u0142u\u017cbach mundurowych. W klasie realizowany jest przedmiot o nazwie Edukacja Wojskowa.<\/p>\n<p>Nauka w oddziale gwarantuje:<\/p>\n<ul>\n<li>otrzymanie bezp\u0142atnego umundurowania,<\/li>\n<li>u\u0142atwienie w rekrutacji do s\u0142u\u017cby wojskowej,<\/li>\n<li>odbycie 12-sto dniowej skr\u00f3conej s\u0142u\u017cby przygotowawczej lub powo\u0142anie na kr\u00f3tkotrwa\u0142e \u0107wiczenie wojskowe zako\u0144czone przysi\u0119g\u0105 wojskow\u0105 i przeniesieniem do rezerwy,<\/li>\n<li>mo\u017cliwo\u015b\u0107 stania si\u0119 \u017co\u0142nierzem rezerwy,<\/li>\n<li>pierwsze\u0144stwo naboru do Wojsk Obrony Terytorialnej oraz dodatkowe preferencje<br \/>\nw ramach naboru do innych rodzaj\u00f3w s\u0142u\u017cby wojskowej,<\/li>\n<li>preferencyjne warunki w zakresie naboru na akademie wojskowe,<\/li>\n<li>udzia\u0142 w programie Legii Akademickiej w czasie trwania studi\u00f3w wy\u017cszych z zaliczeniem teoretycznej cz\u0119\u015bci szkoleniowej,<\/li>\n<li>mo\u017cliwo\u015b\u0107 sta\u0142ych konsultacji, w toku realizacji programu, z przedstawicielami Wojskowego Centrum Rekrutacji,<\/li>\n<li>mo\u017cliwo\u015b\u0107 stabilnego zatrudnienia na preferencyjnych warunkach.<\/li>\n<\/ul>\n","protected":false},"excerpt":{"rendered":"<p>TERMINY TEST\u00d3W SPRAWNO\u015aCIOWYCH: I termin: 9 CZERWCA: GODZ. 9.00 II termin: 25 CZERWCA: GODZ.10.00, w rekrutacji uzupe\u0142niaj\u0105cej: 23 LIPCA, GODZ.10.00 Przedmioty rozszerzone: j\u0119zyk angielski, wiedza o spo\u0142ecze\u0144stwie, geografia Przedmioty punktowane: j\u0119zyk polski, matematyka, j\u0119zyk obcy, wiedza o spo\u0142ecze\u0144stwie J\u0119zyki: j\u0119zyk angielski \u2013 kontynuacja, j\u0119zyk niemiecki Warunkiem przyj\u0119cia do oddzia\u0142u jest zdanie testu sprawno\u015bci fizycznej. Patrona [&hellip;]<\/p>\n","protected":false},"author":1,"featured_media":0,"parent":0,"menu_order":0,"comment_status":"closed","ping_status":"closed","template":"","meta":{"footnotes":""},"class_list":["post-12619","page","type-page","status-publish","hentry"],"_links":{"self":[{"href":"https:\/\/zsme.poznan.pl\/index.php?rest_route=\/wp\/v2\/pages\/12619","targetHints":{"allow":["GET"]}}],"collection":[{"href":"https:\/\/zsme.poznan.pl\/index.php?rest_route=\/wp\/v2\/pages"}],"about":[{"href":"https:\/\/zsme.poznan.pl\/index.php?rest_route=\/wp\/v2\/types\/page"}],"author":[{"embeddable":true,"href":"https:\/\/zsme.poznan.pl\/index.php?rest_route=\/wp\/v2\/users\/1"}],"replies":[{"embeddable":true,"href":"https:\/\/zsme.poznan.pl\/index.php?rest_route=%2Fwp%2Fv2%2Fcomments&post=12619"}],"version-history":[{"count":1,"href":"https:\/\/zsme.poznan.pl\/index.php?rest_route=\/wp\/v2\/pages\/12619\/revisions"}],"predecessor-version":[{"id":20742,"href":"https:\/\/zsme.poznan.pl\/index.php?rest_route=\/wp\/v2\/pages\/12619\/revisions\/20742"}],"wp:attachment":[{"href":"https:\/\/zsme.poznan.pl\/index.php?rest_route=%2Fwp%2Fv2%2Fmedia&parent=12619"}],"curies":[{"name":"wp","href":"https:\/\/api.w.org\/{rel}","templated":true}]}}