{"id":18102,"date":"2025-03-17T21:31:48","date_gmt":"2025-03-17T21:31:48","guid":{"rendered":"https:\/\/zsme.poznan.pl\/?page_id=18102"},"modified":"2025-03-21T12:14:41","modified_gmt":"2025-03-21T12:14:41","slug":"projekt-zawodowcy-w-europie-zagraniczne-staze-szansa-dla-uczniow-zsm","status":"publish","type":"page","link":"https:\/\/zsme.poznan.pl\/?page_id=18102","title":{"rendered":"Projekt \u201eZawodowcy w Europie \u2013 zagraniczne sta\u017ce szans\u0105 dla uczni\u00f3w ZSM\u201d"},"content":{"rendered":"<p><a href=\"https:\/\/zsme.poznan.pl\/wp-content\/uploads\/2025\/03\/Logotypy-Zawodowcy-Zawodowcy-2.jpg\" data-rel=\"lightbox-image-0\" data-rl_title=\"\" data-rl_caption=\"\"><img fetchpriority=\"high\" decoding=\"async\" class=\"wp-image-18093 size-full aligncenter\" title=\"\" src=\"https:\/\/zsme.poznan.pl\/wp-content\/uploads\/2025\/03\/Logotypy-Zawodowcy-Zawodowcy-2.jpg\" alt=\"Logotypy, Zawodowcy, Zawodowcy 2\" width=\"700\" height=\"199\" srcset=\"https:\/\/zsme.poznan.pl\/wp-content\/uploads\/2025\/03\/Logotypy-Zawodowcy-Zawodowcy-2.jpg 700w, https:\/\/zsme.poznan.pl\/wp-content\/uploads\/2025\/03\/Logotypy-Zawodowcy-Zawodowcy-2-300x85.jpg 300w, https:\/\/zsme.poznan.pl\/wp-content\/uploads\/2025\/03\/Logotypy-Zawodowcy-Zawodowcy-2-350x100.jpg 350w\" sizes=\"(max-width: 700px) 100vw, 700px\" \/><\/a><\/p>\n<h2 data-wahfont=\"24\"><a href=\"https:\/\/zsme.poznan.pl\/?p=10667\" data-wahfont=\"24\">Sta\u017c w Saragossie<\/a><\/h2>\n<h2 data-wahfont=\"24\"><a href=\"https:\/\/zsme.poznan.pl\/?p=5370\" data-wahfont=\"24\">Faenza, W\u0142ochy \u2013 miesi\u0119czne praktyki zawodowe 13.10-10.11.2019<\/a><\/h2>\n<h2 data-wahfont=\"24\"><a href=\"https:\/\/zsme.poznan.pl\/?p=4764\" data-wahfont=\"24\">Praktyki zawodowe w Saragossie<\/a><\/h2>\n<h2 data-wahfont=\"24\"><a href=\"https:\/\/zsme.poznan.pl\/?p=3222\" data-wahfont=\"24\">Wycieczka do Florencji<\/a><\/h2>\n<h2 data-wahfont=\"24\"><a href=\"https:\/\/zsme.poznan.pl\/?p=3050\" data-wahfont=\"24\">Relacja z praktyk zagranicznych we W\u0142oszech<\/a><\/h2>\n<p>&nbsp;<\/p>\n","protected":false},"excerpt":{"rendered":"<p>Sta\u017c w Saragossie Faenza, W\u0142ochy \u2013 miesi\u0119czne praktyki zawodowe 13.10-10.11.2019 Praktyki zawodowe w Saragossie Wycieczka do Florencji Relacja z praktyk zagranicznych we W\u0142oszech &nbsp;<\/p>\n","protected":false},"author":1,"featured_media":0,"parent":0,"menu_order":0,"comment_status":"closed","ping_status":"closed","template":"","meta":{"footnotes":""},"class_list":["post-18102","page","type-page","status-publish","hentry"],"_links":{"self":[{"href":"https:\/\/zsme.poznan.pl\/index.php?rest_route=\/wp\/v2\/pages\/18102","targetHints":{"allow":["GET"]}}],"collection":[{"href":"https:\/\/zsme.poznan.pl\/index.php?rest_route=\/wp\/v2\/pages"}],"about":[{"href":"https:\/\/zsme.poznan.pl\/index.php?rest_route=\/wp\/v2\/types\/page"}],"author":[{"embeddable":true,"href":"https:\/\/zsme.poznan.pl\/index.php?rest_route=\/wp\/v2\/users\/1"}],"replies":[{"embeddable":true,"href":"https:\/\/zsme.poznan.pl\/index.php?rest_route=%2Fwp%2Fv2%2Fcomments&post=18102"}],"version-history":[{"count":0,"href":"https:\/\/zsme.poznan.pl\/index.php?rest_route=\/wp\/v2\/pages\/18102\/revisions"}],"wp:attachment":[{"href":"https:\/\/zsme.poznan.pl\/index.php?rest_route=%2Fwp%2Fv2%2Fmedia&parent=18102"}],"curies":[{"name":"wp","href":"https:\/\/api.w.org\/{rel}","templated":true}]}}