{"id":18815,"date":"2025-07-10T17:59:26","date_gmt":"2025-07-10T17:59:26","guid":{"rendered":"https:\/\/zsme.poznan.pl\/?page_id=18815"},"modified":"2025-07-10T17:59:26","modified_gmt":"2025-07-10T17:59:26","slug":"ogolniak-na-warsztat","status":"publish","type":"page","link":"https:\/\/zsme.poznan.pl\/?page_id=18815","title":{"rendered":"Og\u00f3lniak na warsztat"},"content":{"rendered":"<p><a href=\"https:\/\/zsme.poznan.pl\/wp-content\/uploads\/2025\/07\/POZIOM-Zestawienie-FERPUEHERB-scaled.jpg\" data-rel=\"lightbox-image-0\" data-rl_title=\"\" data-rl_caption=\"\"><img fetchpriority=\"high\" decoding=\"async\" class=\"aligncenter wp-image-18816 size-large\" title=\"\" src=\"https:\/\/zsme.poznan.pl\/wp-content\/uploads\/2025\/07\/POZIOM-Zestawienie-FERPUEHERB-1024x105.jpg\" alt=\"POZIOM Zestawienie FE+RP+UE+HERB\" width=\"940\" height=\"96\" srcset=\"https:\/\/zsme.poznan.pl\/wp-content\/uploads\/2025\/07\/POZIOM-Zestawienie-FERPUEHERB-1024x105.jpg 1024w, https:\/\/zsme.poznan.pl\/wp-content\/uploads\/2025\/07\/POZIOM-Zestawienie-FERPUEHERB-300x31.jpg 300w, https:\/\/zsme.poznan.pl\/wp-content\/uploads\/2025\/07\/POZIOM-Zestawienie-FERPUEHERB-768x79.jpg 768w, https:\/\/zsme.poznan.pl\/wp-content\/uploads\/2025\/07\/POZIOM-Zestawienie-FERPUEHERB-1536x157.jpg 1536w, https:\/\/zsme.poznan.pl\/wp-content\/uploads\/2025\/07\/POZIOM-Zestawienie-FERPUEHERB-2048x209.jpg 2048w, https:\/\/zsme.poznan.pl\/wp-content\/uploads\/2025\/07\/POZIOM-Zestawienie-FERPUEHERB-800x82.jpg 800w\" sizes=\"(max-width: 940px) 100vw, 940px\" \/><\/a><\/p>\n<p><strong>&#8222;Og\u00f3lniak na warsztat &#8211; wsparcie kszta\u0142cenia og\u00f3lnego w ZSB nr 1, ZSM oraz XX LO w Poznaniu&#8221;<\/strong><\/p>\n<p>Miasto Pozna\u0144 w partnerstwie z Politechnik\u0105 Pozna\u0144sk\u0105 realizuje projekt pn. \u201eOg\u00f3lniak na warsztat &#8211; wsparcie kszta\u0142cenia og\u00f3lnego w ZSB nr 1, ZSM oraz XX LO w Poznaniu\u201d, wsp\u00f3\u0142finansowany ze \u015brodk\u00f3w Europejskiego Funduszu Spo\u0142ecznego Plus, w ramach Programu Fundusze Europejskie dla Wielkopolski 2021-2027, Dzia\u0142anie 6.8 Edukacja przedszkolna, og\u00f3lna oraz kszta\u0142cenie zawodowe w ramach ZIT.<\/p>\n<p><strong>Celem projektu<\/strong>\u00a0jest poprawa jako\u015bci edukacji og\u00f3lnodost\u0119pnej w okresie od\u00a0 1.09.2025 do 30.06.2028 r., poprzez zakup niezb\u0119dnego wyposa\u017cenia dydaktycznego oraz realizacj\u0119 dzia\u0142a\u0144 kierowanych do w sumie 535 uczni\u00f3w z XXI Liceum Og\u00f3lnokszta\u0142c\u0105cego w Zespole Szk\u00f3\u0142 Budownictwa Nr 1, XXIX Liceum Og\u00f3lnokszta\u0142c\u0105cego w Zespole Szk\u00f3\u0142 Mechanicznych im. KEN w Poznaniu\/ZSM i XX Liceum Og\u00f3lnokszta\u0142c\u0105cego im. K. I. Ga\u0142czy\u0144skiego, w postaci warsztat\u00f3w, zaj\u0119\u0107 dodatkowych dla uczni\u00f3w, szkole\u0144 i kurs\u00f3w oraz studi\u00f3w podyplomowych dla 64 nauczycieli z ww. plac\u00f3wek. Celem jest uzyskanie dzi\u0119ki realizacji projektu kwalifikacji i nabycie kompetencji przez uczestnik\u00f3w projektu.<\/p>\n<p><strong>Grup\u0105 docelow\u0105 s\u0105<\/strong>:<\/p>\n<ul>\n<li>uczniowie ucz\u0119szczaj\u0105cy do 3 pozna\u0144skich lice\u00f3w og\u00f3lnokszta\u0142c\u0105cych tj. XX LO, XXI LO w ramach ZSB1 oraz XXIX LO w ramach ZSM,<\/li>\n<li>nauczyciele zatrudnieni w ww. plac\u00f3wkach systemu o\u015bwiaty<\/li>\n<li>rodzice\/opiekunowie prawni uczni\u00f3w obj\u0119tych wsparciem.<\/li>\n<\/ul>\n<p><strong>W ramach projektu realizowane b\u0119d\u0105 nast\u0119puj\u0105ce dzia\u0142ania:<\/strong><\/p>\n<ul>\n<li>wyposa\u017cenie lice\u00f3w w sprz\u0119t i pomoce dydaktyczne,<\/li>\n<li>realizacja warsztat\u00f3w i zaj\u0119\u0107 dodatkowych dla uczni\u00f3w (AI, warsztaty wyr\u00f3wnuj\u0105ce szanse edukacyjne z j. polskiego i matematyki, zaj\u0119cia z architektury i rysunku, druku 3D, warsztaty teatralne),<\/li>\n<li>wsparcie uczni\u00f3w ze specjalnymi potrzebami edukacyjnymi w ramach edukacji w\u0142\u0105czaj\u0105cej (warsztaty psychologiczno-pedagogiczne),<\/li>\n<li>wspieranie postaw prozdrowotnych uczni\u00f3w (warsztaty dietetycznej, organizacja dnia edukacji zdrowotnej),<\/li>\n<li>podniesienie kompetencji i kwalifikacji kadry poprzez organizacj\u0119 studi\u00f3w podyplomowych z tematyki pedagogiki specjalnej, autyzmu, socjoterapii oraz organizacja kurs\u00f3w i szkole\u0144 dla nauczycieli nt. zdrowia psychicznego dzieci, kompetencji cyfrowych,<\/li>\n<li>zapoznanie uczni\u00f3w i nauczycieli z praktycznym wykorzystaniem nowoczesnych technologii \u2013 organizacja warsztat\u00f3w w laboratoriach partnera projektu \u2013 Politechniki Pozna\u0144skiej.<\/li>\n<\/ul>\n<p><strong>Efektem projektu<\/strong>\u00a0b\u0119dzie:<\/p>\n<ul>\n<li>plac\u00f3wki wyposa\u017cone w nowoczesny sprz\u0119t dydaktyczny,<\/li>\n<li>rozw\u00f3j niezb\u0119dnych na rynku pracy kompetencji kluczowych i spo\u0142ecznych uczni\u00f3w,<\/li>\n<li>poprawa i rozw\u00f3j edukacji w\u0142\u0105czaj\u0105cej uczni\u00f3w ze specjalnymi potrzebami edukacyjnymi i rozwojowymi, w tym z niepe\u0142nosprawno\u015bciami,<\/li>\n<li>rozw\u00f3j zainteresowa\u0144 uczni\u00f3w poza edukacj\u0105 formaln\u0105,<\/li>\n<li>wi\u0119ksza \u015bwiadomo\u015b\u0107 nt. kszta\u0142towania postaw prozdrowotnych w\u015br\u00f3d uczni\u00f3w,<\/li>\n<li>zwi\u0119kszenie kwalifikacji nauczycieli &#8211; dzi\u0119ki czemu nab\u0119d\u0105 oni odpowiedni\u0105 wiedz\u0119 i \u015bwiadomo\u015b\u0107 wymaga\u0144 edukacyjnych uczni\u00f3w.<\/li>\n<\/ul>\n<p><strong>Beneficjent:<\/strong>\u00a0Miasto Pozna\u0144<\/p>\n<p><strong>Partner:<\/strong> Politechnika Pozna\u0144ska<\/p>\n<p><strong>Okres realizacji projektu<\/strong>: 1.09.2025 \u2013 30.06.2028<\/p>\n<p><strong>Ca\u0142kowita warto\u015b\u0107 projektu:<\/strong>\u00a01 184 904,84 z\u0142<\/p>\n<p><strong>Dofinansowanie projektu z UE:<\/strong>\u00a0829 433,38 z\u0142<\/p>\n<p>#FunduszeUE<\/p>\n<p>#FunduszeEuropejskie<\/p>\n<p>&nbsp;<\/p>\n","protected":false},"excerpt":{"rendered":"<p>&#8222;Og\u00f3lniak na warsztat &#8211; wsparcie kszta\u0142cenia og\u00f3lnego w ZSB nr 1, ZSM oraz XX LO w Poznaniu&#8221; Miasto Pozna\u0144 w partnerstwie z Politechnik\u0105 Pozna\u0144sk\u0105 realizuje projekt pn. \u201eOg\u00f3lniak na warsztat &#8211; wsparcie kszta\u0142cenia og\u00f3lnego w ZSB nr 1, ZSM oraz XX LO w Poznaniu\u201d, wsp\u00f3\u0142finansowany ze \u015brodk\u00f3w Europejskiego Funduszu Spo\u0142ecznego Plus, w ramach Programu Fundusze [&hellip;]<\/p>\n","protected":false},"author":1,"featured_media":0,"parent":0,"menu_order":0,"comment_status":"closed","ping_status":"closed","template":"","meta":{"footnotes":""},"class_list":["post-18815","page","type-page","status-publish","hentry"],"_links":{"self":[{"href":"https:\/\/zsme.poznan.pl\/index.php?rest_route=\/wp\/v2\/pages\/18815","targetHints":{"allow":["GET"]}}],"collection":[{"href":"https:\/\/zsme.poznan.pl\/index.php?rest_route=\/wp\/v2\/pages"}],"about":[{"href":"https:\/\/zsme.poznan.pl\/index.php?rest_route=\/wp\/v2\/types\/page"}],"author":[{"embeddable":true,"href":"https:\/\/zsme.poznan.pl\/index.php?rest_route=\/wp\/v2\/users\/1"}],"replies":[{"embeddable":true,"href":"https:\/\/zsme.poznan.pl\/index.php?rest_route=%2Fwp%2Fv2%2Fcomments&post=18815"}],"version-history":[{"count":1,"href":"https:\/\/zsme.poznan.pl\/index.php?rest_route=\/wp\/v2\/pages\/18815\/revisions"}],"predecessor-version":[{"id":18817,"href":"https:\/\/zsme.poznan.pl\/index.php?rest_route=\/wp\/v2\/pages\/18815\/revisions\/18817"}],"wp:attachment":[{"href":"https:\/\/zsme.poznan.pl\/index.php?rest_route=%2Fwp%2Fv2%2Fmedia&parent=18815"}],"curies":[{"name":"wp","href":"https:\/\/api.w.org\/{rel}","templated":true}]}}