{"id":18923,"date":"2025-08-20T19:33:09","date_gmt":"2025-08-20T19:33:09","guid":{"rendered":"http:\/\/wojtekwroblewski1"},"modified":"2025-08-28T08:20:01","modified_gmt":"2025-08-28T08:20:01","slug":"liceum-ogolnoksztalcace","status":"publish","type":"page","link":"https:\/\/zsme.poznan.pl\/?page_id=18923","title":{"rendered":"Liceum Og\u00f3lnokszta\u0142c\u0105ce"},"content":{"rendered":"\n<p>Do dyspozycji uczni\u00f3w:<\/p>\n<ul>\n<li>biblioteka multimedialna, nowoczesne pracownie komputerowe,<\/li>\n<li>si\u0142ownia, przyszkolne boisko sportowe, strzelnica,<\/li>\n<li>na lekcjach wykorzystywane urz\u0105dzenia multimedialne (tablice interaktywne, projektory).<\/li>\n<\/ul>\n<p>J\u0119zyki obce:<\/p>\n<ul>\n<li>j\u0119zyk angielski \u2013 kontynuacja i do wyboru: j\u0119zyk niemiecki lub j\u0119zyk hiszpa\u0144ski (w klasie psychologiczno-pedagogicznej), j\u0119zyk niemiecki w pozosta\u0142ych klasach.<\/li>\n<\/ul>\n<p>Poziom nauczania j\u0119zyka zale\u017cy od stopnia zaawansowania umiej\u0119tno\u015bci j\u0119zykowych.<\/p>\n<p style=\"text-align: center;\"><iframe src=\"https:\/\/www.youtube.com\/embed\/dJ83PVa_7Hk\" width=\"560\" height=\"315\" frameborder=\"0\" allowfullscreen=\"allowfullscreen\"><\/iframe><\/p>\n<p>Klasy sportowo-obronna i policyjna s\u0105 klasami mundurowymi oznacza to \u017ce, trzy dni w tygodniu s\u0105 \u201edniami mundurowymi\u201d (wz\u00f3r umundurowania opisany zosta\u0142 w V rozdziale Regulaminu Szko\u0142y, w zak\u0142adce: Dokumenty szkolne). Szko\u0142a po\u015bredniczy w zakupie regulaminowego umundurowania.<\/p>\n<p>Warunkiem przyj\u0119cia do klas sportowo-obronnej i policyjnej jest posiadanie za\u015bwiadczenia lekarza rodzinnego o braku przeciwwskaza\u0144 do wzmo\u017conego wysi\u0142ku fizycznego.<\/p>\n<ul>\n<li><a title=\"Klasa sportowo-obronna\" href=\"https:\/\/zsme.poznan.pl\/?page_id=4114\">Klasa sportowo-obronna<\/a><\/li>\n<li><a title=\"Klasa policyjna\" href=\"https:\/\/zsme.poznan.pl\/?page_id=4120\">Klasa policyjna<\/a><\/li>\n<li><a title=\"Klasa policyjna\" href=\"https:\/\/zsme.poznan.pl\/?page_id=6610\">Klasa psychologiczno-pedagogiczna<\/a><\/li>\n<li><a href=\"https:\/\/zsme.poznan.pl\/?page_id=12619\">Oddzia\u0142 Przygotowania Wojskowego<\/a><\/li>\n<li><a href=\"https:\/\/zsme.poznan.pl\/?page_id=17938\">NOWO\u015a\u0106!!! Klasa terapeutyczna<\/a><\/li>\n<\/ul>\n\n\n\n<p><\/p>\n","protected":false},"excerpt":{"rendered":"<p>Do dyspozycji uczni\u00f3w: biblioteka multimedialna, nowoczesne pracownie komputerowe, si\u0142ownia, przyszkolne boisko sportowe, strzelnica, na lekcjach wykorzystywane urz\u0105dzenia multimedialne (tablice interaktywne, projektory). J\u0119zyki obce: j\u0119zyk angielski \u2013 kontynuacja i do wyboru: j\u0119zyk niemiecki lub j\u0119zyk hiszpa\u0144ski (w klasie psychologiczno-pedagogicznej), j\u0119zyk niemiecki w pozosta\u0142ych klasach. Poziom nauczania j\u0119zyka zale\u017cy od stopnia zaawansowania umiej\u0119tno\u015bci j\u0119zykowych. Klasy sportowo-obronna i [&hellip;]<\/p>\n","protected":false},"author":3,"featured_media":0,"parent":0,"menu_order":0,"comment_status":"closed","ping_status":"closed","template":"","meta":{"footnotes":""},"class_list":["post-18923","page","type-page","status-publish","hentry"],"_links":{"self":[{"href":"https:\/\/zsme.poznan.pl\/index.php?rest_route=\/wp\/v2\/pages\/18923","targetHints":{"allow":["GET"]}}],"collection":[{"href":"https:\/\/zsme.poznan.pl\/index.php?rest_route=\/wp\/v2\/pages"}],"about":[{"href":"https:\/\/zsme.poznan.pl\/index.php?rest_route=\/wp\/v2\/types\/page"}],"author":[{"embeddable":true,"href":"https:\/\/zsme.poznan.pl\/index.php?rest_route=\/wp\/v2\/users\/3"}],"replies":[{"embeddable":true,"href":"https:\/\/zsme.poznan.pl\/index.php?rest_route=%2Fwp%2Fv2%2Fcomments&post=18923"}],"version-history":[{"count":3,"href":"https:\/\/zsme.poznan.pl\/index.php?rest_route=\/wp\/v2\/pages\/18923\/revisions"}],"predecessor-version":[{"id":19135,"href":"https:\/\/zsme.poznan.pl\/index.php?rest_route=\/wp\/v2\/pages\/18923\/revisions\/19135"}],"wp:attachment":[{"href":"https:\/\/zsme.poznan.pl\/index.php?rest_route=%2Fwp%2Fv2%2Fmedia&parent=18923"}],"curies":[{"name":"wp","href":"https:\/\/api.w.org\/{rel}","templated":true}]}}