{"id":19109,"date":"2025-08-26T12:55:12","date_gmt":"2025-08-26T12:55:12","guid":{"rendered":"https:\/\/zsme.poznan.pl\/?page_id=19109"},"modified":"2025-08-26T13:00:15","modified_gmt":"2025-08-26T13:00:15","slug":"wybierz-szkole-branzowa","status":"publish","type":"page","link":"https:\/\/zsme.poznan.pl\/?page_id=19109","title":{"rendered":"Wybierz szko\u0142\u0119 bran\u017cow\u0105"},"content":{"rendered":"\t\t<div data-elementor-type=\"wp-page\" data-elementor-id=\"19109\" class=\"elementor elementor-19109\" data-elementor-post-type=\"page\">\n\t\t\t\t<div class=\"elementor-element elementor-element-9a5156a e-flex e-con-boxed e-con e-parent\" data-id=\"9a5156a\" data-element_type=\"container\">\n\t\t\t\t\t<div class=\"e-con-inner\">\n\t\t<div class=\"elementor-element elementor-element-81f4f61 e-con-full e-flex e-con e-child\" data-id=\"81f4f61\" data-element_type=\"container\">\n\t\t\t\t<div class=\"elementor-element elementor-element-529f023 elementor-align-center elementor-widget elementor-widget-button\" data-id=\"529f023\" data-element_type=\"widget\" data-widget_type=\"button.default\">\n\t\t\t\t\t\t\t\t\t\t<a class=\"elementor-button elementor-button-link elementor-size-sm\" href=\"https:\/\/zsme.poznan.pl\/?page_id=2157\">\n\t\t\t\t\t\t<span class=\"elementor-button-content-wrapper\">\n\t\t\t\t\t\t\t\t\t<span class=\"elementor-button-text\">Szko\u0142a bran\u017cowa I Stopnia<\/span>\n\t\t\t\t\t<\/span>\n\t\t\t\t\t<\/a>\n\t\t\t\t\t\t\t\t<\/div>\n\t\t\t\t<\/div>\n\t\t<div class=\"elementor-element elementor-element-2fbb986 e-con-full e-flex e-con e-child\" data-id=\"2fbb986\" data-element_type=\"container\">\n\t\t\t\t<div class=\"elementor-element elementor-element-5fcf245 elementor-align-center elementor-widget elementor-widget-button\" data-id=\"5fcf245\" data-element_type=\"widget\" data-widget_type=\"button.default\">\n\t\t\t\t\t\t\t\t\t\t<a class=\"elementor-button elementor-button-link elementor-size-sm\" href=\"https:\/\/zsme.poznan.pl\/?page_id=8779\">\n\t\t\t\t\t\t<span class=\"elementor-button-content-wrapper\">\n\t\t\t\t\t\t\t\t\t<span class=\"elementor-button-text\">Szko\u0142a bran\u017cowa II Stopnia<\/span>\n\t\t\t\t\t<\/span>\n\t\t\t\t\t<\/a>\n\t\t\t\t\t\t\t\t<\/div>\n\t\t\t\t<\/div>\n\t\t\t\t\t<\/div>\n\t\t\t\t<\/div>\n\t\t\t\t<\/div>\n\t\t","protected":false},"excerpt":{"rendered":"<p>Szko\u0142a bran\u017cowa I Stopnia Szko\u0142a bran\u017cowa II Stopnia<\/p>\n","protected":false},"author":3,"featured_media":0,"parent":0,"menu_order":0,"comment_status":"closed","ping_status":"closed","template":"","meta":{"footnotes":""},"class_list":["post-19109","page","type-page","status-publish","hentry"],"_links":{"self":[{"href":"https:\/\/zsme.poznan.pl\/index.php?rest_route=\/wp\/v2\/pages\/19109","targetHints":{"allow":["GET"]}}],"collection":[{"href":"https:\/\/zsme.poznan.pl\/index.php?rest_route=\/wp\/v2\/pages"}],"about":[{"href":"https:\/\/zsme.poznan.pl\/index.php?rest_route=\/wp\/v2\/types\/page"}],"author":[{"embeddable":true,"href":"https:\/\/zsme.poznan.pl\/index.php?rest_route=\/wp\/v2\/users\/3"}],"replies":[{"embeddable":true,"href":"https:\/\/zsme.poznan.pl\/index.php?rest_route=%2Fwp%2Fv2%2Fcomments&post=19109"}],"version-history":[{"count":7,"href":"https:\/\/zsme.poznan.pl\/index.php?rest_route=\/wp\/v2\/pages\/19109\/revisions"}],"predecessor-version":[{"id":19119,"href":"https:\/\/zsme.poznan.pl\/index.php?rest_route=\/wp\/v2\/pages\/19109\/revisions\/19119"}],"wp:attachment":[{"href":"https:\/\/zsme.poznan.pl\/index.php?rest_route=%2Fwp%2Fv2%2Fmedia&parent=19109"}],"curies":[{"name":"wp","href":"https:\/\/api.w.org\/{rel}","templated":true}]}}