{"id":2325,"date":"2018-08-27T15:13:12","date_gmt":"2018-08-27T15:13:12","guid":{"rendered":"http:\/\/www.zsken.home.pl\/zsken18\/?page_id=2325"},"modified":"2026-03-24T16:44:20","modified_gmt":"2026-03-24T16:44:20","slug":"projekty","status":"publish","type":"page","link":"https:\/\/zsme.poznan.pl\/?page_id=2325","title":{"rendered":"Projekty"},"content":{"rendered":"\n<p class=\"has-medium-font-size\"><a href=\"https:\/\/zsme.poznan.pl\/?p=20665\"><strong>Og\u00f3lniak na warsztat \u2013 wsparcie kszta\u0142cenia og\u00f3lnego w ZSB nr 1, ZSM oraz XX LO w Poznaniu<\/strong><\/a><\/p>\n\n\n\n<figure class=\"wp-block-embed is-type-wp-embed is-provider-zesp-szk-mechanicznych wp-block-embed-zesp-szk-mechanicznych\"><div class=\"wp-block-embed__wrapper\">\n<blockquote class=\"wp-embedded-content\" data-secret=\"bYiImuGrKU\"><a href=\"https:\/\/zsme.poznan.pl\/?page_id=2327\">NASZE PROJEKTY<\/a><\/blockquote><iframe class=\"wp-embedded-content\" sandbox=\"allow-scripts\" security=\"restricted\" style=\"position: absolute; visibility: hidden;\" title=\"&#8222;NASZE PROJEKTY&#8221; &#8212; Zesp\u00f3\u0142 Szk\u00f3\u0142 Mechanicznych\" src=\"https:\/\/zsme.poznan.pl\/?page_id=2327&#038;embed=true#?secret=1k04bbbNRr#?secret=bYiImuGrKU\" data-secret=\"bYiImuGrKU\" width=\"600\" height=\"338\" frameborder=\"0\" marginwidth=\"0\" marginheight=\"0\" scrolling=\"no\"><\/iframe>\n<\/div><\/figure>\n\n\n\n<figure class=\"wp-block-embed is-type-wp-embed is-provider-zesp-szk-mechanicznych wp-block-embed-zesp-szk-mechanicznych\"><div class=\"wp-block-embed__wrapper\">\n<blockquote class=\"wp-embedded-content\" data-secret=\"hsO71nzjhg\"><a href=\"https:\/\/zsme.poznan.pl\/?page_id=6558\">Podwy\u017cszenie kompetencji z zakresu matematyki i informatyki przez licealist\u00f3w Miejskiego Obszaru Funkcjonalnego Poznania<\/a><\/blockquote><iframe class=\"wp-embedded-content\" sandbox=\"allow-scripts\" security=\"restricted\" style=\"position: absolute; visibility: hidden;\" title=\"&#8222;Podwy\u017cszenie kompetencji z zakresu matematyki i informatyki przez licealist\u00f3w Miejskiego Obszaru Funkcjonalnego Poznania&#8221; &#8212; Zesp\u00f3\u0142 Szk\u00f3\u0142 Mechanicznych\" src=\"https:\/\/zsme.poznan.pl\/?page_id=6558&#038;embed=true#?secret=vpZHlycP3b#?secret=hsO71nzjhg\" data-secret=\"hsO71nzjhg\" width=\"600\" height=\"338\" frameborder=\"0\" marginwidth=\"0\" marginheight=\"0\" scrolling=\"no\"><\/iframe>\n<\/div><\/figure>\n\n\n\n<figure class=\"wp-block-embed is-type-wp-embed is-provider-zesp-szk-mechanicznych wp-block-embed-zesp-szk-mechanicznych\"><div class=\"wp-block-embed__wrapper\">\n<blockquote class=\"wp-embedded-content\" data-secret=\"jqvxgkgZON\"><a href=\"https:\/\/zsme.poznan.pl\/?page_id=13947\">Wyposa\u017cenie plac\u00f3wek o\u015bwiatowych w nowoczesny i wysokospecjalistyczny sprz\u0119t technologiczny na terenie MOF Poznania<\/a><\/blockquote><iframe class=\"wp-embedded-content\" sandbox=\"allow-scripts\" security=\"restricted\" style=\"position: absolute; visibility: hidden;\" title=\"&#8222;Wyposa\u017cenie plac\u00f3wek o\u015bwiatowych w nowoczesny i wysokospecjalistyczny sprz\u0119t technologiczny na terenie MOF Poznania&#8221; &#8212; Zesp\u00f3\u0142 Szk\u00f3\u0142 Mechanicznych\" src=\"https:\/\/zsme.poznan.pl\/?page_id=13947&#038;embed=true#?secret=tnley1NcSO#?secret=jqvxgkgZON\" data-secret=\"jqvxgkgZON\" width=\"600\" height=\"338\" frameborder=\"0\" marginwidth=\"0\" marginheight=\"0\" scrolling=\"no\"><\/iframe>\n<\/div><\/figure>\n\n\n\n<p>dasdas<\/p>\n\n\n\n<p><\/p>\n","protected":false},"excerpt":{"rendered":"<p>Og\u00f3lniak na warsztat \u2013 wsparcie kszta\u0142cenia og\u00f3lnego w ZSB nr 1, ZSM oraz XX LO w Poznaniu dasdas<\/p>\n","protected":false},"author":1,"featured_media":0,"parent":0,"menu_order":0,"comment_status":"closed","ping_status":"closed","template":"","meta":{"footnotes":""},"class_list":["post-2325","page","type-page","status-publish","hentry"],"_links":{"self":[{"href":"https:\/\/zsme.poznan.pl\/index.php?rest_route=\/wp\/v2\/pages\/2325","targetHints":{"allow":["GET"]}}],"collection":[{"href":"https:\/\/zsme.poznan.pl\/index.php?rest_route=\/wp\/v2\/pages"}],"about":[{"href":"https:\/\/zsme.poznan.pl\/index.php?rest_route=\/wp\/v2\/types\/page"}],"author":[{"embeddable":true,"href":"https:\/\/zsme.poznan.pl\/index.php?rest_route=\/wp\/v2\/users\/1"}],"replies":[{"embeddable":true,"href":"https:\/\/zsme.poznan.pl\/index.php?rest_route=%2Fwp%2Fv2%2Fcomments&post=2325"}],"version-history":[{"count":3,"href":"https:\/\/zsme.poznan.pl\/index.php?rest_route=\/wp\/v2\/pages\/2325\/revisions"}],"predecessor-version":[{"id":20669,"href":"https:\/\/zsme.poznan.pl\/index.php?rest_route=\/wp\/v2\/pages\/2325\/revisions\/20669"}],"wp:attachment":[{"href":"https:\/\/zsme.poznan.pl\/index.php?rest_route=%2Fwp%2Fv2%2Fmedia&parent=2325"}],"curies":[{"name":"wp","href":"https:\/\/api.w.org\/{rel}","templated":true}]}}