{"id":2658,"date":"2018-10-09T19:45:27","date_gmt":"2018-10-09T19:45:27","guid":{"rendered":"https:\/\/zsme.poznan.pl\/?page_id=2658"},"modified":"2024-12-13T19:04:35","modified_gmt":"2024-12-13T19:04:35","slug":"dokumenty-pnz","status":"publish","type":"page","link":"https:\/\/zsme.poznan.pl\/?page_id=2658","title":{"rendered":"Dokumenty PNZ"},"content":{"rendered":"<p><!--\n\n\n<p style=\"text-align: center;\"><span data-mce-type=\"bookmark\" style=\"display: inline-block; width: 0px; overflow: hidden; line-height: 0;\" class=\"mce_SELRES_start\"><\/span><a target=\"_blank\" href=\"https:\/\/zsme.poznan.pl\/1\/praktyki\/dokumenty\/Dzienniczek_praktyk.pdf\" rel=\"noopener\">Dzienniczek praktyk<\/a><\/p>\n\n\n--><\/p>\n<p style=\"text-align: center;\"><a href=\"https:\/\/zsme.poznan.pl\/dokumenty\/regulamin-praktyk.pdf\" target=\"_blank\" rel=\"noopener\">Regulamin Praktycznej Nauki Zawodu<\/a><\/p>\n<p style=\"text-align: center;\"><u><strong>Programy PNZ<\/strong><\/u><\/p>\n<p style=\"text-align: center;\"><a href=\"https:\/\/zsme.poznan.pl\/1\/praktyki\/dokumenty\/programyPNZ\/Program PNZ w zawodzie elektryk.pdf\">Program PNZ w zawodzie elektryk<\/a><\/p>\n<p style=\"text-align: center;\"><a href=\"https:\/\/zsme.poznan.pl\/1\/praktyki\/dokumenty\/programyPNZ\/Program PNZ w zawodzie mechatronik.pdf\">Program PNZ w zawodzie mechatronik<\/a><\/p>\n<p style=\"text-align: center;\"><a href=\"https:\/\/zsme.poznan.pl\/1\/praktyki\/dokumenty\/programyPNZ\/Program PNZ Mechanik Precyzyjny.pdf\">Program PNZ w zawodzie mechanik precyzyjny<\/a><\/p>\n<p style=\"text-align: center;\"><a href=\"https:\/\/zsme.poznan.pl\/1\/praktyki\/dokumenty\/programyPNZ\/Program praktyk Technik Optyk.pdf\">Program praktyk Technik Optyk<\/a><\/p>\n<p style=\"text-align: center;\"><a href=\"https:\/\/zsme.poznan.pl\/1\/praktyki\/dokumenty\/programyPNZ\/Program praktyki technik mechatronik.pdf\">Program praktyki technik mechatronik<\/a><\/p>\n<p style=\"text-align: center;\"><a href=\"https:\/\/zsme.poznan.pl\/1\/praktyki\/dokumenty\/programyPNZ\/Program praktyk-technik mechanik.pdf\">Program praktyk-technik mechanik<\/a><\/p>\n<p style=\"text-align: center;\"><a href=\"https:\/\/zsme.poznan.pl\/1\/praktyki\/dokumenty\/programyPNZ\/Program_praktyk_tu_dzwigowych.pdf\">Program praktyk-technik urz\u0105dze\u0144 d\u017awigowych<\/a><\/p>\n<p style=\"text-align: center;\"><a href=\"https:\/\/zsme.poznan.pl\/1\/praktyki\/dokumenty\/programyPNZ\/Program%20%20praktyk%20Technik%20robotyk.pdf\">Program praktyk Technik Robotyk<\/a><\/p>\n<p style=\"text-align: center;\"><a href=\"https:\/\/zsme.poznan.pl\/1\/praktyki\/dokumenty\/programyPNZ\/Program_praktyk_Technik elektryk.pdf\">Program praktyk Technik Elektryk<\/a><\/p>\n<p style=\"text-align: center;\"><a href=\"https:\/\/zsme.poznan.pl\/1\/praktyki\/dokumenty\/praktykiPSP.pdf\" target=\"_blank\" rel=\"noopener\">Program praktyk w jednostkach KM PSP<\/a><\/p>\n<p style=\"text-align: center;\"><b><u>Za\u015bwiadczenie o ocenie z praktyki zawodowej<\/u><\/b><\/p>\n<p style=\"text-align: center;\"><a href=\"https:\/\/zsme.poznan.pl\/wp-content\/uploads\/2023\/09\/4.-Zaswiadczenie-o-ocenie-Technik-mechatronik-KL-III.pdf\">Technik mechatronik Klasa III<\/a><\/p>\n<p style=\"text-align: center;\"><a href=\"https:\/\/zsme.poznan.pl\/wp-content\/uploads\/2023\/09\/4a.-Zaswiadczenie-o-ocenie-Technik-mechatronik-KL-IV.pdf\">Technik mechatronik Klasa IV<\/a><\/p>\n<p style=\"text-align: center;\"><a href=\"https:\/\/zsme.poznan.pl\/wp-content\/uploads\/2023\/09\/4b.-Zaswiadczenie-o-ocenie-Technik-mechatroni-KL-V.pdf\">Technik mechatroni Klasa V<\/a><\/p>\n<p style=\"text-align: center;\"><a href=\"https:\/\/zsme.poznan.pl\/wp-content\/uploads\/2023\/09\/5.-Zaswiadczenie-o-ocenie-Technik-mechanik-KL-III.pdf\">Technik mechanik Klasa III<\/a><\/p>\n<p style=\"text-align: center;\"><a href=\"https:\/\/zsme.poznan.pl\/wp-content\/uploads\/2023\/09\/5a.-Zaswiadczenie-o-ocenie-Technik-mechanik-KL-IV.pdf\">Technik mechanik Klasa IV<\/a><\/p>\n<p style=\"text-align: center;\"><a href=\"https:\/\/zsme.poznan.pl\/wp-content\/uploads\/2023\/09\/5b.-Zaswiadczenie-o-ocenie-Technik-mechanik-KL-V.pdf\">Technik mechanik Klasa V<\/a><\/p>\n<p style=\"text-align: center;\"><a href=\"https:\/\/zsme.poznan.pl\/wp-content\/uploads\/2023\/09\/6.-Zaswiadczenie-o-ocenie-Technik-robotyk-KL-III.pdf\">Technik robotyk Klasa III<\/a><\/p>\n<p style=\"text-align: center;\"><a href=\"https:\/\/zsme.poznan.pl\/wp-content\/uploads\/2023\/09\/6a.-Zaswiadczenie-o-ocenie-Technik-robotyk-KL-IV.pdf\">Technik robotyk Klasa IV<\/a><\/p>\n<p style=\"text-align: center;\"><a href=\"https:\/\/zsme.poznan.pl\/wp-content\/uploads\/2023\/09\/6b.-Zaswiadczenie-o-ocenie-Technik-robotyk-KL-V.pdf\">Technik robotyk Klasa V<\/a><\/p>\n<p style=\"text-align: center;\"><a href=\"https:\/\/zsme.poznan.pl\/wp-content\/uploads\/2023\/09\/7.-Zaswiadczenie-o-ocenie-Technik-optyk-KL-III.pdf\">Technik optyk Klasa III<\/a><\/p>\n<p style=\"text-align: center;\"><a href=\"https:\/\/zsme.poznan.pl\/wp-content\/uploads\/2023\/09\/7a.-Zaswiadczenie-o-ocenie-Technik-optyk-KL-IV.pdf\">Technik optyk Klasa IV<\/a><\/p>\n<p style=\"text-align: center;\"><a href=\"https:\/\/zsme.poznan.pl\/wp-content\/uploads\/2023\/09\/7b.-Zaswiadczenie-o-ocenie-Technik-optyk-KL-V.pdf\">Technik optyk Klasa V<\/a><\/p>\n<p style=\"text-align: center;\"><a href=\"https:\/\/zsme.poznan.pl\/wp-content\/uploads\/2023\/09\/8.-Zaswiadczenie-o-ocenie-Technik-urzadzen-dzwigowych-KL-III.pdf\">Technik urz\u0105dze\u0144 d\u017awigowych Klasa III<\/a><\/p>\n<p style=\"text-align: center;\"><a href=\"https:\/\/zsme.poznan.pl\/wp-content\/uploads\/2023\/09\/8a.-Zaswiadczenie-o-ocenie-Technik-urzadzen-dzwigowych-KL-IV.pdf\">Technik urz\u0105dze\u0144 d\u017awigowych Klasa IV<\/a><\/p>\n<p style=\"text-align: center;\"><a href=\"https:\/\/zsme.poznan.pl\/wp-content\/uploads\/2023\/09\/8b.-Zaswiadczenie-o-ocenie-Technik-urzadzen-dzwigowych-KL-V.pdf\">Technik urz\u0105dze\u0144 d\u017awigowych Klasa V<\/a><\/p>\n<p style=\"text-align: center;\"><a href=\"https:\/\/zsme.poznan.pl\/wp-content\/uploads\/2024\/12\/Technik-elektryk-BS2.pdf\">Technik elektryk BS2<\/a><\/p>\n<p style=\"text-align: center;\"><a href=\"https:\/\/zsme.poznan.pl\/wp-content\/uploads\/2024\/12\/Technik-mechatronik-BS2.pdf\">Technik mechatronik BS2<\/a><\/p>\n<p style=\"text-align: center;\"><b><u>Za\u015bwiadczenie o ocenie z zaj\u0119\u0107 praktycznych<\/u><\/b><\/p>\n<p style=\"text-align: center;\"><a href=\"https:\/\/zsme.poznan.pl\/wp-content\/uploads\/2023\/09\/1.-Zaswiadczenie-o-ocenie-Elektryk-KL-II.pdf\">Elektryk Klasa II<\/a><\/p>\n<p style=\"text-align: center;\"><a href=\"https:\/\/zsme.poznan.pl\/wp-content\/uploads\/2023\/09\/1a.-Zaswiadczenie-o-ocenie-Elektryk-KL-III.pdf\">Elektryk Klasa III<\/a><\/p>\n<p style=\"text-align: center;\"><a href=\"https:\/\/zsme.poznan.pl\/wp-content\/uploads\/2023\/09\/2.-Zaswiadczenie-o-ocenie-Mechatronik-Kl-II.pdf\">Mechatronik Klasa II<\/a><\/p>\n<p style=\"text-align: center;\"><a href=\"https:\/\/zsme.poznan.pl\/wp-content\/uploads\/2023\/09\/2a.-Zaswiadczenie-o-ocenie-Mechatronik_Klasa-III.pdf\">Mechatronik Klasa III<\/a><\/p>\n<p style=\"text-align: center;\"><a href=\"https:\/\/zsme.poznan.pl\/wp-content\/uploads\/2023\/09\/3.-Zaswiadczenie-o-ocenie-Mechanik-precyzyjny-KL-II.pdf\">Mechanik precyzyjny Klasa II<\/a><\/p>\n<p style=\"text-align: center;\"><a href=\"https:\/\/zsme.poznan.pl\/wp-content\/uploads\/2023\/09\/3a.-Zaswiadczenie-o-ocenie-Mechanik-precyzyjny-KL-III.pdf\">Mechanik precyzyjny Klasa III<\/a><\/p>\n<p>&nbsp;<\/p>\n","protected":false},"excerpt":{"rendered":"<p>Regulamin Praktycznej Nauki Zawodu Programy PNZ Program PNZ w zawodzie elektryk Program PNZ w zawodzie mechatronik Program PNZ w zawodzie mechanik precyzyjny Program praktyk Technik Optyk Program praktyki technik mechatronik Program praktyk-technik mechanik Program praktyk-technik urz\u0105dze\u0144 d\u017awigowych Program praktyk Technik Robotyk Program praktyk Technik Elektryk Program praktyk w jednostkach KM PSP Za\u015bwiadczenie o ocenie z [&hellip;]<\/p>\n","protected":false},"author":1,"featured_media":0,"parent":0,"menu_order":0,"comment_status":"closed","ping_status":"closed","template":"","meta":{"footnotes":""},"class_list":["post-2658","page","type-page","status-publish","hentry"],"_links":{"self":[{"href":"https:\/\/zsme.poznan.pl\/index.php?rest_route=\/wp\/v2\/pages\/2658","targetHints":{"allow":["GET"]}}],"collection":[{"href":"https:\/\/zsme.poznan.pl\/index.php?rest_route=\/wp\/v2\/pages"}],"about":[{"href":"https:\/\/zsme.poznan.pl\/index.php?rest_route=\/wp\/v2\/types\/page"}],"author":[{"embeddable":true,"href":"https:\/\/zsme.poznan.pl\/index.php?rest_route=\/wp\/v2\/users\/1"}],"replies":[{"embeddable":true,"href":"https:\/\/zsme.poznan.pl\/index.php?rest_route=%2Fwp%2Fv2%2Fcomments&post=2658"}],"version-history":[{"count":0,"href":"https:\/\/zsme.poznan.pl\/index.php?rest_route=\/wp\/v2\/pages\/2658\/revisions"}],"wp:attachment":[{"href":"https:\/\/zsme.poznan.pl\/index.php?rest_route=%2Fwp%2Fv2%2Fmedia&parent=2658"}],"curies":[{"name":"wp","href":"https:\/\/api.w.org\/{rel}","templated":true}]}}