{"id":4120,"date":"2019-02-10T15:03:09","date_gmt":"2019-02-10T15:03:09","guid":{"rendered":"https:\/\/zsme.poznan.pl\/?page_id=4120"},"modified":"2024-03-06T12:31:42","modified_gmt":"2024-03-06T12:31:42","slug":"klasa-policyjna","status":"publish","type":"page","link":"https:\/\/zsme.poznan.pl\/?page_id=4120","title":{"rendered":"Klasa policyjna"},"content":{"rendered":"<p class=\"Textbody\"><strong><span class=\"StrongEmphasis\">Przedmioty rozszerzone:<\/span> <\/strong>wiedza o spo\u0142ecze\u0144stwie, geografia, j\u0119zyk angielski<\/p>\n<p class=\"Textbody\"><strong><span class=\"StrongEmphasis\">Przedmioty punktowane:<\/span><\/strong> j\u0119zyk polski, matematyka, j\u0119zyk obcy, wiedza o spo\u0142ecze\u0144stwie<\/p>\n<p class=\"Textbody\"><strong><span class=\"StrongEmphasis\">J\u0119zyki:<\/span><\/strong> j\u0119zyk angielski \u2013 kontynuacja, j\u0119zyk niemiecki<\/p>\n<p class=\"Textbody\"><strong><span class=\"StrongEmphasis\">Patronat nad klas\u0105 sprawuje\u00a0Komendant Wojew\u00f3dzki Policji w Poznaniu<\/span><\/strong><\/p>\n<p class=\"Textbody\">Do klas o profilu policyjnym zapraszamy uczni\u00f3w, kt\u00f3rzy po uko\u0144czeniu szko\u0142y planuj\u0105 wst\u0105pi\u0107 w szeregi Policji, s\u0105 one obj\u0119te patronatem Komendanta Wojew\u00f3dzkiego Policji w Poznaniu. Dzi\u0119ki niemu nasi uczniowie maj\u0105 regularne zaj\u0119cia z policjantami r\u00f3\u017cnych pion\u00f3w, sta\u0142\u0105 opiek\u0119 funkcjonariusza miejscowego komisariatu, odwiedzaj\u0105 jednostki Policji, Izb\u0119 Pami\u0119ci oraz uczestnicz\u0105 w cyklicznych warsztatach policyjnych prowadzonych przez policjant\u00f3w i pracownik\u00f3w Komendy Wojew\u00f3dzkiej Policji w Poznaniu. W klasach tych na podstawie autorskiego programu nauczania realizowany jest przedmiot \u201eEdukacja policyjna\u201d. Wyk\u0142adany jest on przez do\u015bwiadczonego oficera Policji. Dzi\u0119ki temu nasi absolwenci zdobywaj\u0105 wiedz\u0119 specjalistyczn\u0105 przydatn\u0105 w dalszym procesie przygotowania do zawodu policjanta i otrzymuj\u0105 dodatkowe punkty w post\u0119powaniu kwalifikacyjnym do Policji. O wysokim poziomie nauczania w klasach policyjnych \u015bwiadcz\u0105 dotychczasowe sukcesy naszych uczni\u00f3w. Od wielu lat kwalifikuj\u0105 si\u0119 Oni do fina\u0142u Og\u00f3lnopolskiego Turnieju Klas Policyjnych \u201eKlasa policyjna roku\u201d, organizowanego przez Szko\u0142\u0119 Policji w Pile, zajmuj\u0105c pierwsze miejsca w kategorii \u201ewiedza o Policji\u201d (dru\u017cynowo i indywidualnie). Czterokrotnie maturzy\u015bci z klas policyjnych zdobyli r\u00f3wnie\u017c indeksy na studia w Wy\u017cszej Szkole Policji w Szczytnie, bior\u0105c udzia\u0142 w Olimpiadzie Policyjnej organizowanej przez t\u0119 uczelni\u0119. Ponadto ch\u0119tni uczniowie tych klas mog\u0105 uczestniczy\u0107 w organizowanych przez szko\u0142\u0119 zaj\u0119ciach z zakresu samoobrony, wyjazdach survivalowych oraz obozie narciarskim.<\/p>\n<p style=\"text-align: justify;\"><code class=\"rl-shortcode\"><div class=\"rl-gallery-container rl-loading\" id=\"rl-gallery-container-1\" data-gallery_id=\"7770\"> <div class=\"rl-gallery rl-basicgrid-gallery \" id=\"rl-gallery-1\" data-gallery_no=\"1\"> <div class=\"rl-gallery-item\"><a href=\"https:\/\/zsme.poznan.pl\/wp-content\/uploads\/2021\/02\/p1.jpg\" title=\"\" data-rl_title=\"\" class=\"rl-gallery-link\" data-rl_caption=\"\" data-rel=\"lightbox-gallery-1\"><img fetchpriority=\"high\" decoding=\"async\" src=\"https:\/\/zsme.poznan.pl\/wp-content\/uploads\/2021\/02\/p1-180x300.jpg\" width=\"180\" height=\"300\" alt=\"\" \/><\/a><\/div><div class=\"rl-gallery-item\"><a href=\"https:\/\/zsme.poznan.pl\/wp-content\/uploads\/2021\/02\/p2.jpeg\" title=\"\" data-rl_title=\"\" class=\"rl-gallery-link\" data-rl_caption=\"\" data-rel=\"lightbox-gallery-1\"><img decoding=\"async\" src=\"https:\/\/zsme.poznan.pl\/wp-content\/uploads\/2021\/02\/p2-170x300.jpeg\" width=\"170\" height=\"300\" alt=\"\" \/><\/a><\/div><div class=\"rl-gallery-item\"><a href=\"https:\/\/zsme.poznan.pl\/wp-content\/uploads\/2021\/02\/p3.jpg\" title=\"\" data-rl_title=\"\" class=\"rl-gallery-link\" data-rl_caption=\"\" data-rel=\"lightbox-gallery-1\"><img decoding=\"async\" src=\"https:\/\/zsme.poznan.pl\/wp-content\/uploads\/2021\/02\/p3-300x169.jpg\" width=\"300\" height=\"169\" alt=\"\" \/><\/a><\/div><div class=\"rl-gallery-item\"><a href=\"https:\/\/zsme.poznan.pl\/wp-content\/uploads\/2021\/02\/p4.jpg\" title=\"\" data-rl_title=\"\" class=\"rl-gallery-link\" data-rl_caption=\"\" data-rel=\"lightbox-gallery-1\"><img loading=\"lazy\" decoding=\"async\" src=\"https:\/\/zsme.poznan.pl\/wp-content\/uploads\/2021\/02\/p4-127x300.jpg\" width=\"127\" height=\"300\" alt=\"\" \/><\/a><\/div><div class=\"rl-gallery-item\"><a href=\"https:\/\/zsme.poznan.pl\/wp-content\/uploads\/2021\/02\/p5.jpg\" title=\"\" data-rl_title=\"\" class=\"rl-gallery-link\" data-rl_caption=\"\" data-rel=\"lightbox-gallery-1\"><img loading=\"lazy\" decoding=\"async\" src=\"https:\/\/zsme.poznan.pl\/wp-content\/uploads\/2021\/02\/p5-300x271.jpg\" width=\"300\" height=\"271\" alt=\"\" \/><\/a><\/div><div class=\"rl-gallery-item\"><a href=\"https:\/\/zsme.poznan.pl\/wp-content\/uploads\/2021\/02\/p6.jpg\" title=\"\" data-rl_title=\"\" class=\"rl-gallery-link\" data-rl_caption=\"\" data-rel=\"lightbox-gallery-1\"><img loading=\"lazy\" decoding=\"async\" src=\"https:\/\/zsme.poznan.pl\/wp-content\/uploads\/2021\/02\/p6-300x169.jpg\" width=\"300\" height=\"169\" alt=\"\" \/><\/a><\/div><div class=\"rl-gallery-item\"><a href=\"https:\/\/zsme.poznan.pl\/wp-content\/uploads\/2021\/02\/p9.jpg\" title=\"\" data-rl_title=\"\" class=\"rl-gallery-link\" data-rl_caption=\"\" data-rel=\"lightbox-gallery-1\"><img loading=\"lazy\" decoding=\"async\" src=\"https:\/\/zsme.poznan.pl\/wp-content\/uploads\/2021\/02\/p9-300x211.jpg\" width=\"300\" height=\"211\" alt=\"\" \/><\/a><\/div><div class=\"rl-gallery-item\"><a href=\"https:\/\/zsme.poznan.pl\/wp-content\/uploads\/2021\/02\/p91.jpg\" title=\"\" data-rl_title=\"\" class=\"rl-gallery-link\" data-rl_caption=\"\" data-rel=\"lightbox-gallery-1\"><img loading=\"lazy\" decoding=\"async\" src=\"https:\/\/zsme.poznan.pl\/wp-content\/uploads\/2021\/02\/p91-300x169.jpg\" width=\"300\" height=\"169\" alt=\"\" \/><\/a><\/div><div class=\"rl-gallery-item\"><a href=\"https:\/\/zsme.poznan.pl\/wp-content\/uploads\/2021\/02\/p8.jpg\" title=\"\" data-rl_title=\"\" class=\"rl-gallery-link\" data-rl_caption=\"\" data-rel=\"lightbox-gallery-1\"><img loading=\"lazy\" decoding=\"async\" src=\"https:\/\/zsme.poznan.pl\/wp-content\/uploads\/2021\/02\/p8-300x225.jpg\" width=\"300\" height=\"225\" alt=\"\" \/><\/a><\/div> <\/div> <\/div><\/code><\/p>\n","protected":false},"excerpt":{"rendered":"<p>Przedmioty rozszerzone: wiedza o spo\u0142ecze\u0144stwie, geografia, j\u0119zyk angielski Przedmioty punktowane: j\u0119zyk polski, matematyka, j\u0119zyk obcy, wiedza o spo\u0142ecze\u0144stwie J\u0119zyki: j\u0119zyk angielski \u2013 kontynuacja, j\u0119zyk niemiecki Patronat nad klas\u0105 sprawuje\u00a0Komendant Wojew\u00f3dzki Policji w Poznaniu Do klas o profilu policyjnym zapraszamy uczni\u00f3w, kt\u00f3rzy po uko\u0144czeniu szko\u0142y planuj\u0105 wst\u0105pi\u0107 w szeregi Policji, s\u0105 one obj\u0119te patronatem Komendanta Wojew\u00f3dzkiego [&hellip;]<\/p>\n","protected":false},"author":1,"featured_media":0,"parent":0,"menu_order":0,"comment_status":"closed","ping_status":"closed","template":"","meta":{"footnotes":""},"class_list":["post-4120","page","type-page","status-publish","hentry"],"_links":{"self":[{"href":"https:\/\/zsme.poznan.pl\/index.php?rest_route=\/wp\/v2\/pages\/4120","targetHints":{"allow":["GET"]}}],"collection":[{"href":"https:\/\/zsme.poznan.pl\/index.php?rest_route=\/wp\/v2\/pages"}],"about":[{"href":"https:\/\/zsme.poznan.pl\/index.php?rest_route=\/wp\/v2\/types\/page"}],"author":[{"embeddable":true,"href":"https:\/\/zsme.poznan.pl\/index.php?rest_route=\/wp\/v2\/users\/1"}],"replies":[{"embeddable":true,"href":"https:\/\/zsme.poznan.pl\/index.php?rest_route=%2Fwp%2Fv2%2Fcomments&post=4120"}],"version-history":[{"count":0,"href":"https:\/\/zsme.poznan.pl\/index.php?rest_route=\/wp\/v2\/pages\/4120\/revisions"}],"wp:attachment":[{"href":"https:\/\/zsme.poznan.pl\/index.php?rest_route=%2Fwp%2Fv2%2Fmedia&parent=4120"}],"curies":[{"name":"wp","href":"https:\/\/api.w.org\/{rel}","templated":true}]}}