{"id":4142,"date":"2019-02-10T17:44:37","date_gmt":"2019-02-10T17:44:37","guid":{"rendered":"https:\/\/zsme.poznan.pl\/?page_id=4142"},"modified":"2023-02-13T18:40:08","modified_gmt":"2023-02-13T18:40:08","slug":"mechatronik","status":"publish","type":"page","link":"https:\/\/zsme.poznan.pl\/?page_id=4142","title":{"rendered":"Mechatronik"},"content":{"rendered":"<div id=\"srodkowa\">\n<p><strong>Przedmioty punktowane:<\/strong> j\u0119zyk polski, matematyka, j\u0119zyk obcy, informatyka<\/p>\n<p><strong>J\u0119zyki<\/strong>: j\u0119zyk angielski \u2013 kontynuacja<\/p>\n<p><strong>Mechatronik<\/strong> to nowoczesny zaw\u00f3d \u0142\u0105cz\u0105cy wiedz\u0119 z mechaniki, elektroniki i informatyki, czyni\u0105cy absolwent\u00f3w tego kierunku osobami poszukiwanymi przez pracodawc\u00f3w i gwarantuj\u0105cy im ciekaw\u0105 i dobrze p\u0142atn\u0105 prac\u0119.<\/p>\n<p><strong>Nasi uczniowie odbywaj\u0105 praktyki w znanych i cenionych zak\u0142adach:<\/strong><\/p>\n<p><strong>\u2013 STEELPRESS Sp. z o. o., Lubo\u0144 ul. Powsta\u0144c\u00f3w Wielkopolskich 48,<\/strong><\/p>\n<p><strong>\u2013 FlexLink Systems Polska Sp. z o.o., ul. Szkolna 30, 62-064 Plewiska,<\/strong><\/p>\n<p><strong>\u2013 Modertrans Pozna\u0144, ul. Forteczna 2; 61-362 Pozna\u0144,<\/strong><\/p>\n<p><strong>\u2013 REXEL Oddzia\u0142 Pozna\u0144, Radziwoja 11, 61-057 Pozna\u0144,<\/strong><\/p>\n<p><strong>\u2013 \u00a0H.Cegielski- Pozna\u0144 S.A., ul. 28 Czerwca 1956r. 223\/229, 61-485 Pozna\u0144,<\/strong><\/p>\n<p><strong>\u2013 Rem-pol P. P. H. U., Pozna\u0144 ul. Staro\u0142\u0119cka 18,<\/strong><\/p>\n<p><strong>\u2013 Pozna\u0144skie Centrum Edukacji Ustawicznej i Praktycznej, Pozna\u0144 ul. Grunwaldzka 200.<\/strong><\/p>\n<p><strong>Podejmuj\u0105c nauk\u0119, nauczysz si\u0119:<\/strong><\/p>\n<ul>\n<li>monta\u017cu i demonta\u017cu element\u00f3w, podzespo\u0142\u00f3w i urz\u0105dze\u0144 mechanicznych w urz\u0105dzeniach i systemach mechatronicznych,<\/li>\n<li>monta\u017cu i demonta\u017cu instalacji, element\u00f3w, podzespo\u0142\u00f3w i urz\u0105dze\u0144 elektrycznych i elektronicznych w urz\u0105dzeniach i systemach mechatronicznych,<\/li>\n<li>monta\u017cu i demonta\u017cu instalacji, element\u00f3w i urz\u0105dze\u0144 pneumatycznych w urz\u0105dzeniach i systemach mechatronicznych,<\/li>\n<li>monta\u017cu i demonta\u017cu instalacji, element\u00f3w i urz\u0105dze\u0144 hydraulicznych w urz\u0105dzeniach i systemach mechatronicznych,<\/li>\n<li>pod\u0142\u0105czania i uruchamiania urz\u0105dze\u0144 mechatronicznych oraz wykonywania niezb\u0119dnych regulacji,<\/li>\n<li>wykonywania napraw i konserwacji urz\u0105dze\u0144 i system\u00f3w mechatronicznych,<\/li>\n<li>u\u017cytkowania urz\u0105dze\u0144 i system\u00f3w mechatronicznych.<\/li>\n<\/ul>\n<p><strong>Ponadto b\u0119dziesz umia\u0142:<\/strong><\/p>\n<ul>\n<li>porozumiewa\u0107 si\u0119 w zawodowym j\u0119zyku obcym,<\/li>\n<li>obs\u0142ugiwa\u0107 specjalistyczne programy komputerowe,<\/li>\n<li>prowadzi\u0107 samodzielnie dzia\u0142alno\u015b\u0107 gospodarcz\u0105.<\/li>\n<\/ul>\n<p><strong>Kwalifikacja wyodr\u0119bniona w zawodzie:<\/strong><\/p>\n<p><strong>\u2013 ELM.03.<\/strong> Monta\u017c, uruchamianie i konserwacja urz\u0105dze\u0144 i system\u00f3w mechatronicznych<\/p>\n<p><strong>Mo\u017cliwo\u015bci podj\u0119cia pracy:<\/strong><\/p>\n<ul>\n<li>w ka\u017cdym nowoczesnym zak\u0142adzie produkcyjnym,<\/li>\n<li>jako monter, instalator, operator lub serwisant powierzonej maszyny, urz\u0105dzenia lub systemu mechatronicznego.<\/li>\n<\/ul>\n<p><strong>To kierunek dla os\u00f3b charakteryzuj\u0105cych si\u0119:<\/strong><\/p>\n<ul>\n<li>dok\u0142adno\u015bci\u0105,<\/li>\n<li>cierpliwo\u015bci\u0105,<\/li>\n<li>spokojem,<\/li>\n<li>sumienno\u015bci\u0105 i systematyczno\u015bci\u0105,<\/li>\n<li>zainteresowaniami technicznymi.<\/li>\n<\/ul>\n<p>Nauk\u0119 mo\u017cesz kontynuowa\u0107 w <a href=\"https:\/\/zsme.poznan.pl\/?page_id=8779\">SZKOLE BRAN\u017bOWEJ II STOPNIA<\/a>, w zawodzie technik mechatronik. Zdob\u0119dziesz w ten spos\u00f3b wykszta\u0142cenie \u015brednie i uzyskasz dyplom potwierdzaj\u0105cy kwalifikacje w zawodzie technik mechatronik.<\/p>\n<p>Szko\u0142a realizuje sta\u0142\u0105 wsp\u00f3\u0142prac\u0119 z Ochotniczym Hufcem Pracy.<\/p>\n<p style=\"text-align: center;\"><strong><span style=\"color: #000080;\">WYKORZYSTAJ SWOJ\u0104 SZANS\u0118 !!!<\/span><\/strong><\/p>\n<\/div>\n","protected":false},"excerpt":{"rendered":"<p>Przedmioty punktowane: j\u0119zyk polski, matematyka, j\u0119zyk obcy, informatyka J\u0119zyki: j\u0119zyk angielski \u2013 kontynuacja Mechatronik to nowoczesny zaw\u00f3d \u0142\u0105cz\u0105cy wiedz\u0119 z mechaniki, elektroniki i informatyki, czyni\u0105cy absolwent\u00f3w tego kierunku osobami poszukiwanymi przez pracodawc\u00f3w i gwarantuj\u0105cy im ciekaw\u0105 i dobrze p\u0142atn\u0105 prac\u0119. Nasi uczniowie odbywaj\u0105 praktyki w znanych i cenionych zak\u0142adach: \u2013 STEELPRESS Sp. z o. o., [&hellip;]<\/p>\n","protected":false},"author":1,"featured_media":0,"parent":0,"menu_order":0,"comment_status":"closed","ping_status":"closed","template":"","meta":{"footnotes":""},"class_list":["post-4142","page","type-page","status-publish","hentry"],"_links":{"self":[{"href":"https:\/\/zsme.poznan.pl\/index.php?rest_route=\/wp\/v2\/pages\/4142","targetHints":{"allow":["GET"]}}],"collection":[{"href":"https:\/\/zsme.poznan.pl\/index.php?rest_route=\/wp\/v2\/pages"}],"about":[{"href":"https:\/\/zsme.poznan.pl\/index.php?rest_route=\/wp\/v2\/types\/page"}],"author":[{"embeddable":true,"href":"https:\/\/zsme.poznan.pl\/index.php?rest_route=\/wp\/v2\/users\/1"}],"replies":[{"embeddable":true,"href":"https:\/\/zsme.poznan.pl\/index.php?rest_route=%2Fwp%2Fv2%2Fcomments&post=4142"}],"version-history":[{"count":0,"href":"https:\/\/zsme.poznan.pl\/index.php?rest_route=\/wp\/v2\/pages\/4142\/revisions"}],"wp:attachment":[{"href":"https:\/\/zsme.poznan.pl\/index.php?rest_route=%2Fwp%2Fv2%2Fmedia&parent=4142"}],"curies":[{"name":"wp","href":"https:\/\/api.w.org\/{rel}","templated":true}]}}