{"id":7098,"date":"2020-08-10T20:51:50","date_gmt":"2020-08-10T20:51:50","guid":{"rendered":"https:\/\/zsme.poznan.pl\/?page_id=7098"},"modified":"2025-09-18T10:10:02","modified_gmt":"2025-09-18T10:10:02","slug":"inspektor-ochrony-danych","status":"publish","type":"page","link":"https:\/\/zsme.poznan.pl\/?page_id=7098","title":{"rendered":"Inspektor Ochrony Danych"},"content":{"rendered":"<p><strong>Inspektor Ochrony Danych<br \/>\n<\/strong><strong style=\"font-size: revert; color: initial;\">Katarzyna P\u0119dzich-Nowak<br \/>\n<\/strong><strong>mail: <a href=\"mailto:iod_mjo@um.poznan.pl\">iod_mjo@um.poznan.pl<\/a><br \/>\n<\/strong><strong>telefon: 61-878-49-04<\/strong><\/p>\n<p><strong>Zast\u0119pca inspektora Danych osobowych<br \/>\n<\/strong><strong style=\"color: initial;\">Anna Kwieci\u0144ska<br \/>\n<\/strong><strong>mail: <a href=\"mailto:iod_mjo@um.poznan.pl\">iod_mjo@um.poznan.pl<\/a><br \/>\n<\/strong><strong>telefon: 61-878-49-05<\/strong><\/p>\n","protected":false},"excerpt":{"rendered":"<p>Inspektor Ochrony Danych Katarzyna P\u0119dzich-Nowak mail: iod_mjo@um.poznan.pl telefon: 61-878-49-04 Zast\u0119pca inspektora Danych osobowych Anna Kwieci\u0144ska mail: iod_mjo@um.poznan.pl telefon: 61-878-49-05<\/p>\n","protected":false},"author":1,"featured_media":0,"parent":0,"menu_order":0,"comment_status":"closed","ping_status":"closed","template":"","meta":{"footnotes":""},"class_list":["post-7098","page","type-page","status-publish","hentry"],"_links":{"self":[{"href":"https:\/\/zsme.poznan.pl\/index.php?rest_route=\/wp\/v2\/pages\/7098","targetHints":{"allow":["GET"]}}],"collection":[{"href":"https:\/\/zsme.poznan.pl\/index.php?rest_route=\/wp\/v2\/pages"}],"about":[{"href":"https:\/\/zsme.poznan.pl\/index.php?rest_route=\/wp\/v2\/types\/page"}],"author":[{"embeddable":true,"href":"https:\/\/zsme.poznan.pl\/index.php?rest_route=\/wp\/v2\/users\/1"}],"replies":[{"embeddable":true,"href":"https:\/\/zsme.poznan.pl\/index.php?rest_route=%2Fwp%2Fv2%2Fcomments&post=7098"}],"version-history":[{"count":3,"href":"https:\/\/zsme.poznan.pl\/index.php?rest_route=\/wp\/v2\/pages\/7098\/revisions"}],"predecessor-version":[{"id":19362,"href":"https:\/\/zsme.poznan.pl\/index.php?rest_route=\/wp\/v2\/pages\/7098\/revisions\/19362"}],"wp:attachment":[{"href":"https:\/\/zsme.poznan.pl\/index.php?rest_route=%2Fwp%2Fv2%2Fmedia&parent=7098"}],"curies":[{"name":"wp","href":"https:\/\/api.w.org\/{rel}","templated":true}]}}