{"id":8779,"date":"2021-07-23T18:44:34","date_gmt":"2021-07-23T18:44:34","guid":{"rendered":"https:\/\/zsme.poznan.pl\/?page_id=8779"},"modified":"2026-01-21T11:15:12","modified_gmt":"2026-01-21T11:15:12","slug":"bs-ii-stopnia","status":"publish","type":"page","link":"https:\/\/zsme.poznan.pl\/?page_id=8779","title":{"rendered":"Bran\u017cowa Szko\u0142a II Stopnia"},"content":{"rendered":"<h2 style=\"text-align: left;\"><a href=\"https:\/\/zsme.poznan.pl\/?page_id=19186\">Plan zaj\u0119\u0107<\/a><\/h2>\n<h2><a href=\"https:\/\/zsme.poznan.pl\/?page_id=19188\">Harmonogram zjazd\u00f3w w II semestrze<\/a><\/h2>\n<p><strong style=\"font-size: revert; color: initial;\"><span class=\"StrongEmphasis\">Przeznaczona jest dla absolwent\u00f3w Szko\u0142y Bran\u017cowej I Stopnia oraz Zasadniczej Szko\u0142y Zawodowej ko\u0144cz\u0105cych szko\u0142\u0119 w latach 2015 \u2013 2022. Kszta\u0142cimy w zawodach:<\/span><\/strong><\/p>\n<p class=\"Textbody\"><strong><span class=\"StrongEmphasis\">\u2013 technik mechatronik<br \/>\n\u2013 technik elektryk<\/span><\/strong><\/p>\n<p class=\"Textbody\">Nauka w \u00a0Bran\u017cowej Szkole jest\u00a0<span class=\"StrongEmphasis\"><strong>bezp\u0142atna<\/strong>.<\/span><\/p>\n<p class=\"Textbody\">Dokumenty wymagane od kandydat\u00f3w:<\/p>\n<p class=\"Textbody\">\u2013 \u015bwiadectwo uko\u0144czenia Bran\u017cowej Szko\u0142y I stopnia,<\/p>\n<p class=\"Textbody\">\u2013 \u015bwiadectwo uko\u0144czenia zasadniczej szko\u0142y zawodowej w latach 2015 \u2013 2022,<\/p>\n<p class=\"Textbody\">\u2013 za\u015bwiadczenie o zawodzie nauczanym w bran\u017cowej szkole I stopnia lub zasadniczej szko\u0142y<\/p>\n<p class=\"Textbody\">zawodowej, kt\u00f3rego zakres odpowiada pierwszej kwalifikacji wyodr\u0119bnionej w zawodzie<\/p>\n<p class=\"Textbody\">nauczanym w bran\u017cowej szkole II stopnia, do kt\u00f3rej kandydat ubiega si\u0119 o przyj\u0119cie ,<\/p>\n<p class=\"Textbody\">\u2013 za\u015bwiadczenie lekarskie zawieraj\u0105ce orzeczenie o braku przeciwwskaza\u0144 zdrowotnych<\/p>\n<p class=\"Textbody\">do \u00a0podj\u0119cia praktycznej nauki zawodu,<\/p>\n<p><a href=\"https:\/\/zsme.poznan.pl\/wp-content\/uploads\/2025\/03\/podanie-do-Branzowej-Szkoly-II-Stopnia.doc\">&#8211; podanie o przyj\u0119cie do szko\u0142y,<\/a><\/p>\n<p class=\"Textbody\">\u2013 3 zdj\u0119cia.<\/p>\n<p class=\"Textbody\">Zaj\u0119cia odbywaj\u0105 si\u0119 w systemie zaocznym: w soboty i niedziele dwa lub trzy razy w miesi\u0105cu w godzinach 7:15-14:05.<\/p>\n","protected":false},"excerpt":{"rendered":"<p>Plan zaj\u0119\u0107 Harmonogram zjazd\u00f3w w II semestrze Przeznaczona jest dla absolwent\u00f3w Szko\u0142y Bran\u017cowej I Stopnia oraz Zasadniczej Szko\u0142y Zawodowej ko\u0144cz\u0105cych szko\u0142\u0119 w latach 2015 \u2013 2022. Kszta\u0142cimy w zawodach: \u2013 technik mechatronik \u2013 technik elektryk Nauka w \u00a0Bran\u017cowej Szkole jest\u00a0bezp\u0142atna. Dokumenty wymagane od kandydat\u00f3w: \u2013 \u015bwiadectwo uko\u0144czenia Bran\u017cowej Szko\u0142y I stopnia, \u2013 \u015bwiadectwo uko\u0144czenia zasadniczej [&hellip;]<\/p>\n","protected":false},"author":1,"featured_media":0,"parent":0,"menu_order":0,"comment_status":"closed","ping_status":"closed","template":"","meta":{"footnotes":""},"class_list":["post-8779","page","type-page","status-publish","hentry"],"_links":{"self":[{"href":"https:\/\/zsme.poznan.pl\/index.php?rest_route=\/wp\/v2\/pages\/8779","targetHints":{"allow":["GET"]}}],"collection":[{"href":"https:\/\/zsme.poznan.pl\/index.php?rest_route=\/wp\/v2\/pages"}],"about":[{"href":"https:\/\/zsme.poznan.pl\/index.php?rest_route=\/wp\/v2\/types\/page"}],"author":[{"embeddable":true,"href":"https:\/\/zsme.poznan.pl\/index.php?rest_route=\/wp\/v2\/users\/1"}],"replies":[{"embeddable":true,"href":"https:\/\/zsme.poznan.pl\/index.php?rest_route=%2Fwp%2Fv2%2Fcomments&post=8779"}],"version-history":[{"count":7,"href":"https:\/\/zsme.poznan.pl\/index.php?rest_route=\/wp\/v2\/pages\/8779\/revisions"}],"predecessor-version":[{"id":20298,"href":"https:\/\/zsme.poznan.pl\/index.php?rest_route=\/wp\/v2\/pages\/8779\/revisions\/20298"}],"wp:attachment":[{"href":"https:\/\/zsme.poznan.pl\/index.php?rest_route=%2Fwp%2Fv2%2Fmedia&parent=8779"}],"curies":[{"name":"wp","href":"https:\/\/api.w.org\/{rel}","templated":true}]}}