{"id":8879,"date":"2021-09-07T18:43:25","date_gmt":"2021-09-07T18:43:25","guid":{"rendered":"https:\/\/zsme.poznan.pl\/?page_id=8879"},"modified":"2022-06-28T19:59:30","modified_gmt":"2022-06-28T19:59:30","slug":"ubezpieczenia","status":"publish","type":"page","link":"https:\/\/zsme.poznan.pl\/?page_id=8879","title":{"rendered":"Ubezpieczenia"},"content":{"rendered":"<p>Szko\u0142a nie po\u015bredniczy w ubezpieczeniu uczni\u00f3w<\/p>\n","protected":false},"excerpt":{"rendered":"<p>Szko\u0142a nie po\u015bredniczy w ubezpieczeniu uczni\u00f3w<\/p>\n","protected":false},"author":1,"featured_media":0,"parent":0,"menu_order":0,"comment_status":"closed","ping_status":"closed","template":"","meta":{"footnotes":""},"class_list":["post-8879","page","type-page","status-publish","hentry"],"_links":{"self":[{"href":"https:\/\/zsme.poznan.pl\/index.php?rest_route=\/wp\/v2\/pages\/8879","targetHints":{"allow":["GET"]}}],"collection":[{"href":"https:\/\/zsme.poznan.pl\/index.php?rest_route=\/wp\/v2\/pages"}],"about":[{"href":"https:\/\/zsme.poznan.pl\/index.php?rest_route=\/wp\/v2\/types\/page"}],"author":[{"embeddable":true,"href":"https:\/\/zsme.poznan.pl\/index.php?rest_route=\/wp\/v2\/users\/1"}],"replies":[{"embeddable":true,"href":"https:\/\/zsme.poznan.pl\/index.php?rest_route=%2Fwp%2Fv2%2Fcomments&post=8879"}],"version-history":[{"count":0,"href":"https:\/\/zsme.poznan.pl\/index.php?rest_route=\/wp\/v2\/pages\/8879\/revisions"}],"wp:attachment":[{"href":"https:\/\/zsme.poznan.pl\/index.php?rest_route=%2Fwp%2Fv2%2Fmedia&parent=8879"}],"curies":[{"name":"wp","href":"https:\/\/api.w.org\/{rel}","templated":true}]}}