{"id":8931,"date":"2021-09-30T08:43:22","date_gmt":"2021-09-30T08:43:22","guid":{"rendered":"https:\/\/zsme.poznan.pl\/?page_id=8931"},"modified":"2021-12-19T13:30:30","modified_gmt":"2021-12-19T13:30:30","slug":"zaproszenia","status":"publish","type":"page","link":"https:\/\/zsme.poznan.pl\/?page_id=8931","title":{"rendered":"Zaproszenia"},"content":{"rendered":"<p style=\"text-align: center;\"><a href=\"https:\/\/zsme.poznan.pl\/wp-content\/uploads\/2021\/12\/dz_BN.jpg\" data-rel=\"lightbox-image-0\" data-rl_title=\"\" data-rl_caption=\"\" title=\"\"><img fetchpriority=\"high\" decoding=\"async\" class=\"aligncenter wp-image-10016 size-full\" src=\"https:\/\/zsme.poznan.pl\/wp-content\/uploads\/2021\/12\/dz_BN.jpg\" alt=\"dz\" width=\"478\" height=\"478\" srcset=\"https:\/\/zsme.poznan.pl\/wp-content\/uploads\/2021\/12\/dz_BN.jpg 478w, https:\/\/zsme.poznan.pl\/wp-content\/uploads\/2021\/12\/dz_BN-300x300.jpg 300w, https:\/\/zsme.poznan.pl\/wp-content\/uploads\/2021\/12\/dz_BN-150x150.jpg 150w, https:\/\/zsme.poznan.pl\/wp-content\/uploads\/2021\/12\/dz_BN-400x400.jpg 400w, https:\/\/zsme.poznan.pl\/wp-content\/uploads\/2021\/12\/dz_BN-270x270.jpg 270w\" sizes=\"(max-width: 478px) 100vw, 478px\" \/><\/a><\/p>\n<p style=\"text-align: center;\"><a href=\"https:\/\/zsme.poznan.pl\/wp-content\/uploads\/2021\/12\/SPOTKANIE-NA-ZYWO-live-QA-DORADCY-ZAWODOWI-ZAPRASZAJA.pdf\">SPOTKANIE NA \u017bYWO- live Q&amp;A- DORADCY ZAWODOWI ZAPRASZAJ\u0104<\/a><\/p>\n<p><a href=\"https:\/\/zsme.poznan.pl\/wp-content\/uploads\/2021\/09\/image003.jpg\" data-rel=\"lightbox-image-1\" data-rl_title=\"\" data-rl_caption=\"\" title=\"\"><img decoding=\"async\" class=\"size-full wp-image-8932 aligncenter\" src=\"https:\/\/zsme.poznan.pl\/wp-content\/uploads\/2021\/09\/image003.jpg\" alt=\"\" width=\"283\" height=\"88\" \/><\/a> \u00a0\u00a0<a href=\"https:\/\/zsme.poznan.pl\/wp-content\/uploads\/2021\/09\/Plakat-do-wydruku.jpg\" data-rel=\"lightbox-image-2\" data-rl_title=\"\" data-rl_caption=\"\" title=\"\"><img decoding=\"async\" class=\"size-medium wp-image-8936 aligncenter\" src=\"https:\/\/zsme.poznan.pl\/wp-content\/uploads\/2021\/09\/Plakat-do-wydruku-212x300.jpg\" alt=\"\" width=\"212\" height=\"300\" srcset=\"https:\/\/zsme.poznan.pl\/wp-content\/uploads\/2021\/09\/Plakat-do-wydruku-212x300.jpg 212w, https:\/\/zsme.poznan.pl\/wp-content\/uploads\/2021\/09\/Plakat-do-wydruku.jpg 724w\" sizes=\"(max-width: 212px) 100vw, 212px\" \/><\/a><\/p>\n<p style=\"text-align: center;\"><a href=\"https:\/\/zsme.poznan.pl\/wp-content\/uploads\/2021\/09\/NOC-ZAWODOWCOW-4.0-hybrydowo-zawodowo.docx\">NOC ZAWODOWC\u00d3W 4.0-hybrydowo-zawodowo<\/a><\/p>\n<p style=\"text-align: center;\"><a href=\"https:\/\/zsme.poznan.pl\/wp-content\/uploads\/2021\/09\/Zaproszenie_Dyrektorzy-Szkol-Ponadpodstawowych.pdf\">Zaproszenie_Dyrektorzy Szk\u00f3\u0142 Ponadpodstawowych<\/a><\/p>\n","protected":false},"excerpt":{"rendered":"<p>SPOTKANIE NA \u017bYWO- live Q&amp;A- DORADCY ZAWODOWI ZAPRASZAJ\u0104 \u00a0\u00a0 NOC ZAWODOWC\u00d3W 4.0-hybrydowo-zawodowo Zaproszenie_Dyrektorzy Szk\u00f3\u0142 Ponadpodstawowych<\/p>\n","protected":false},"author":1,"featured_media":0,"parent":0,"menu_order":0,"comment_status":"closed","ping_status":"closed","template":"","meta":{"footnotes":""},"class_list":["post-8931","page","type-page","status-publish","hentry"],"_links":{"self":[{"href":"https:\/\/zsme.poznan.pl\/index.php?rest_route=\/wp\/v2\/pages\/8931","targetHints":{"allow":["GET"]}}],"collection":[{"href":"https:\/\/zsme.poznan.pl\/index.php?rest_route=\/wp\/v2\/pages"}],"about":[{"href":"https:\/\/zsme.poznan.pl\/index.php?rest_route=\/wp\/v2\/types\/page"}],"author":[{"embeddable":true,"href":"https:\/\/zsme.poznan.pl\/index.php?rest_route=\/wp\/v2\/users\/1"}],"replies":[{"embeddable":true,"href":"https:\/\/zsme.poznan.pl\/index.php?rest_route=%2Fwp%2Fv2%2Fcomments&post=8931"}],"version-history":[{"count":0,"href":"https:\/\/zsme.poznan.pl\/index.php?rest_route=\/wp\/v2\/pages\/8931\/revisions"}],"wp:attachment":[{"href":"https:\/\/zsme.poznan.pl\/index.php?rest_route=%2Fwp%2Fv2%2Fmedia&parent=8931"}],"curies":[{"name":"wp","href":"https:\/\/api.w.org\/{rel}","templated":true}]}}